he remainder when 41192150 is divided by 377?
376
Calculate the remainder when 96944 is divided by 130.
94
What is the remainder when 1287665 is divided by 321898?
73
Calculate the remainder when 217145 is divided by 7329.
4604
Calculate the remainder when 4734740 is divided by 377.
374
Calculate the remainder when 2834007 is divided by 797.
672
What is the remainder when 293518 is divided by 431?
7
Calculate the remainder when 9750553 is divided by 411.
400
What is the remainder when 17157162 is divided by 336?
330
What is the remainder when 160329 is divided by 9425?
104
What is the remainder when 26231717 is divided by 714?
71
Calculate the remainder when 26283 is divided by 617.
369
What is the remainder when 3232901 is divided by 32?
5
What is the remainder when 2257876 is divided by 1128938?
0
What is the remainder when 80829 is divided by 539?
518
What is the remainder when 8325270 is divided by 2774745?
1035
Calculate the remainder when 569904 is divided by 94916.
408
Calculate the remainder when 4134865 is divided by 2018.
2001
What is the remainder when 19851 is divided by 1824?
1611
Calculate the remainder when 6345571 is divided by 46.
9
What is the remainder when 7422500 is divided by 3777?
695
Calculate the remainder when 9673910 is divided by 2886.
38
What is the remainder when 22421773 is divided by 104?
101
Calculate the remainder when 217377 is divided by 108674.
29
What is the remainder when 4098649 is divided by 1396?
1389
What is the remainder when 2440299 is divided by 935?
884
Calculate the remainder when 134456979 is divided by 70.
69
Calculate the remainder when 700840 is divided by 972.
28
What is the remainder when 314203 is divided by 1620?
1543
Calculate the remainder when 689817 is divided by 739.
330
Calculate the remainder when 4947131 is divided by 136.
131
Calculate the remainder when 585451289 is divided by 830.
829
Calculate the remainder when 214555 is divided by 42356.
2775
What is the remainder when 2465960 is divided by 939?
146
What is the remainder when 25927 is divided by 4094?
1363
What is the remainder when 790331 is divided by 790217?
114
What is the remainder when 1485364 is divided by 136?
108
What is the remainder when 48558 is divided by 783?
12
Calculate the remainder when 105563 is divided by 288.
155
Calculate the remainder when 70791839 is divided by 3083.
3076
What is the remainder when 5490268 is divided by 1829564?
1576
What is the remainder when 977777 is divided by 680?
617
What is the remainder when 131312793 is divided by 14?
3
What is the remainder when 183126 is divided by 45326?
1822
What is the remainder when 927497980 is divided by 256?
252
Calculate the remainder when 102836387 is divided by 97.
91
Calculate the remainder when 82633 is divided by 4161.
3574
Calculate the remainder when 1538860 is divided by 1522.
118
What is the remainder when 21678471 is divided by 1037?
1023
Calculate the remainder when 167131 is divided by 2786.
2757
What is the remainder when 1074065 is divided by 13?
5
Calculate the remainder when 9196456 is divided by 73.
62
What is the remainder when 1024139 is divided by 131?
112
What is the remainder when 244814 is divided by 40781?
128
What is the remainder when 71214752 is divided by 10173536?
0
What is the remainder when 43763070 is divided by 5753?
5752
Calculate the remainder when 56193647 is divided by 14048402.
39
What is the remainder when 44790961 is divided by 215?
11
What is the remainder when 2641794 is divided by 57430?
14
Calculate the remainder when 2852946 is divided by 2852936.
10
What is the remainder when 2142822675 is divided by 134?
133
Calculate the remainder when 30415893 is divided by 73646.
95
What is the remainder when 123678 is divided by 274?
104
What is the remainder when 14079621 is divided by 55?
6
Calculate the remainder when 874525 is divided by 257.
211
Calculate the remainder when 11429937 is divided by 40105.
12
What is the remainder when 16371417 is divided by 270?
237
Calculate the remainder when 88192166 is divided by 29397370.
56
Calculate the remainder when 6676249 is divided by 1750.
1749
What is the remainder when 1485015 is divided by 750?
15
Calculate the remainder when 46972611 is divided by 19.
13
Calculate the remainder when 685674 is divided by 159.
66
Calculate the remainder when 180373 is divided by 560.
53
What is the remainder when 24233286 is divided by 607?
25
What is the remainder when 128688 is divided by 987?
378
Calculate the remainder when 116269 is divided by 117.
88
Calculate the remainder when 6205 is divided by 122.
105
Calculate the remainder when 240157 is divided by 8281.
8
What is the remainder when 26170201 is divided by 794?
755
What is the remainder when 7237685 is divided by 588?
581
Calculate the remainder when 1707257 is divided by 2836.
2821
Calculate the remainder when 2092451 is divided by 123.
98
What is the remainder when 69951 is divided by 34687?
577
What is the remainder when 7357814 is divided by 27?
17
Calculate the remainder when 4752878 is divided by 181.
180
What is the remainder when 10395859 is divided by 58?
55
What is the remainder when 61243 is divided by 20414?
1
What is the remainder when 4789434 is divided by 1382?
804
Calculate the remainder when 386853 is divided by 230.
223
What is the remainder when 5821969 is divided by 48924?
13
Calculate the remainder when 73489246 is divided by 2514.
2512
Calculate the remainder when 703594889 is divided by 285.
284
Calculate the remainder when 2323853 is divided by 420.
413
Calculate the remainder when 54031311 is divided by 6615.
6606
What is the remainder when 202883 is divided by 201792?
1091
What is the remainder when 1166994 is divided by 836?
774
Calculate the remainder when 1480915 is divided by 59177.
1490
Calculate the remainder when 4742458 is divided by 78.
58
What is the remainder when 60641899 is divided by 30320949?
1
Calculate the remainder when 39076 is divided by 1001.
37
What is the remainder when 295967 is divided by 1994?
855
What is the remainder when 272128 is divided by 272023?
105
Calculate the remainder when 16419512 is divided by 7525.
7487
What is the remainder when 28404358 is divided by 60?
58
Calculate the remainder when 28123 is divided by 827.
5
Calculate the remainder when 38686026 is divided by 11.
5
What is the remainder when 170610 is divided by 6306?
348
Calculate the remainder when 18279700 is divided by 15.
10
Calculate the remainder when 8302763 is divided by 96.
11
What is the remainder when 7448813 is divided by 2482900?
113
What is the remainder when 753264 is divided by 44306?
62
What is the remainder when 1053474 is divided by 155?
94
What is the remainder when 212163 is divided by 106077?
9
Calculate the remainder when 235294 is divided by 1245.
1234
What is the remainder when 4966141 is divided by 2864?
2829
Calculate the remainder when 2362508 is divided by 787462.
122
What is the remainder when 173835 is divided by 8?
3
What is the remainder when 1365148 is divided by 55?
48
Calculate the remainder when 69996 is divided by 387.
336
What is the remainder when 12379161 is divided by 90358?
115
What is the remainder when 119290669 is divided by 1832?
1821
What is the remainder when 1296738 is divided by 26?
14
Calculate the remainder when 879131 is divided by 109848.
347
What is the remainder when 10186 is divided by 18?
16
What is the remainder when 509593 is divided by 1612?
201
Calculate the remainder when 367623 is divided by 14701.
98
What is the remainder when 6250074 is divided by 137?
134
What is the remainder when 6261162 is divided by 95?
92
Calculate the remainder when 158815544 is divided by 88.
8
Calculate the remainder when 5540583 is divided by 1846858.
9
What is the remainder when 2548129 is divided by 675?
4
Calculate the remainder when 26484496 is divided by 470.
466
Calculate the remainder when 105717 is divided by 1355.
27
What is the remainder when 11103010 is divided by 54161?
5
What is the remainder when 29007047 is divided by 649?
641
Calculate the remainder when 47585855 is divided by 11896462.
7
What is the remainder when 96760 is divided by 13156?
4668
What is the remainder when 19083959 is divided by 360?
359
What is the remainder when 112